{"id":12,"date":"2022-06-30T14:41:12","date_gmt":"2022-06-30T14:41:12","guid":{"rendered":"https:\/\/www.cartopap.com\/web\/?page_id=12"},"modified":"2022-07-27T10:00:49","modified_gmt":"2022-07-27T10:00:49","slug":"quienes-somos","status":"publish","type":"page","link":"https:\/\/www.cartopap.com\/web\/quienes-somos\/","title":{"rendered":"Qui\u00e9nes somos"},"content":{"rendered":"\t\t<div data-elementor-type=\"wp-page\" data-elementor-id=\"12\" class=\"elementor elementor-12\">\n\t\t\t\t\t\t\t\t\t<section class=\"elementor-section elementor-top-section elementor-element elementor-element-5e9ee313 elementor-section-boxed elementor-section-height-default elementor-section-height-default\" data-id=\"5e9ee313\" data-element_type=\"section\">\n\t\t\t\t\t\t<div class=\"elementor-container elementor-column-gap-default\">\n\t\t\t\t\t<div class=\"elementor-column elementor-col-100 elementor-top-column elementor-element elementor-element-44d4c1cc animated-fast\" data-id=\"44d4c1cc\" data-element_type=\"column\" data-settings=\"{&quot;animation&quot;:&quot;none&quot;}\">\n\t\t\t<div class=\"elementor-widget-wrap elementor-element-populated\">\n\t\t\t\t\t\t\t\t<div class=\"elementor-element elementor-element-a59d03c elementor-widget elementor-widget-text-editor\" data-id=\"a59d03c\" data-element_type=\"widget\" data-settings=\"{&quot;_animation&quot;:&quot;none&quot;}\" data-widget_type=\"text-editor.default\">\n\t\t\t\t<div class=\"elementor-widget-container\">\n\t\t\t<style>\/*! elementor - v3.6.7 - 03-07-2022 *\/\n.elementor-widget-text-editor.elementor-drop-cap-view-stacked .elementor-drop-cap{background-color:#818a91;color:#fff}.elementor-widget-text-editor.elementor-drop-cap-view-framed .elementor-drop-cap{color:#818a91;border:3px solid;background-color:transparent}.elementor-widget-text-editor:not(.elementor-drop-cap-view-default) .elementor-drop-cap{margin-top:8px}.elementor-widget-text-editor:not(.elementor-drop-cap-view-default) .elementor-drop-cap-letter{width:1em;height:1em}.elementor-widget-text-editor .elementor-drop-cap{float:left;text-align:center;line-height:1;font-size:50px}.elementor-widget-text-editor .elementor-drop-cap-letter{display:inline-block}<\/style>\t\t\t\t<p><!-- wp:paragraph --><\/p>\n<p>Cartopap es agente de varias <b><a href=\"https:\/\/www.cartopap.com\/web\/representaciones\/\" target=\"_blank\" rel=\"noopener\">f\u00e1bricas<\/a><\/b> europeas de papel y cart\u00f3n. Contactamos con los clientes del mercado espa\u00f1ol para ofrecerles informaci\u00f3n sobre los <b><a href=\"https:\/\/www.cartopap.com\/web\/productos\/\" target=\"_blank\" rel=\"noopener\">productos<\/a><\/b> que ofrecemos y nos encargamos de gestionar las consultas y pedidos para obtener las mejores condiciones de calidad, servicio y precio, b\u00e1sicas para una buena relaci\u00f3n cliente-proveedor.<\/p>\n<p><!-- \/wp:paragraph --><\/p>\n<p><!-- wp:paragraph --><\/p>\n<p>Realizamos el seguimiento del pedido en todos sus aspectos, hasta la entrega y facturaci\u00f3n del material seg\u00fan las condiciones acordadas.<\/p>\n<p><!-- \/wp:paragraph --><\/p>\n<p><!-- wp:paragraph --><\/p>\n<p>Nuestro objetivo es ofrecer productos que permitan a nuestros clientes trabajar de manera regular y estable.<\/p>\n<p><!-- \/wp:paragraph --><\/p>\n<p><!-- wp:paragraph --><\/p>\n<p>En nuestra <a href=\"https:\/\/www.cartopap.com\/web\/contacto\/\" target=\"_blank\" rel=\"noopener\" style=\"\"><b>oficina<\/b><\/a> de Madrid estamos a su disposici\u00f3n para atender sus consultas.<\/p>\n<p><!-- \/wp:paragraph --><\/p>\t\t\t\t\t\t<\/div>\n\t\t\t\t<\/div>\n\t\t\t\t\t<\/div>\n\t\t<\/div>\n\t\t\t\t\t\t\t<\/div>\n\t\t<\/section>\n\t\t\t\t\t\t\t<\/div>\n\t\t","protected":false},"excerpt":{"rendered":"<p>Cartopap es agente de varias f\u00e1bricas europeas de papel y cart\u00f3n. Contactamos con los clientes del mercado espa\u00f1ol para ofrecerles informaci\u00f3n sobre los productos que ofrecemos y nos encargamos de gestionar las consultas y pedidos para obtener las mejores condiciones de calidad, servicio y precio, b\u00e1sicas para una buena relaci\u00f3n cliente-proveedor. Realizamos el seguimiento del [&hellip;]<\/p>\n","protected":false},"author":1,"featured_media":0,"parent":0,"menu_order":0,"comment_status":"closed","ping_status":"closed","template":"","meta":[],"_links":{"self":[{"href":"https:\/\/www.cartopap.com\/web\/wp-json\/wp\/v2\/pages\/12"}],"collection":[{"href":"https:\/\/www.cartopap.com\/web\/wp-json\/wp\/v2\/pages"}],"about":[{"href":"https:\/\/www.cartopap.com\/web\/wp-json\/wp\/v2\/types\/page"}],"author":[{"embeddable":true,"href":"https:\/\/www.cartopap.com\/web\/wp-json\/wp\/v2\/users\/1"}],"replies":[{"embeddable":true,"href":"https:\/\/www.cartopap.com\/web\/wp-json\/wp\/v2\/comments?post=12"}],"version-history":[{"count":44,"href":"https:\/\/www.cartopap.com\/web\/wp-json\/wp\/v2\/pages\/12\/revisions"}],"predecessor-version":[{"id":324,"href":"https:\/\/www.cartopap.com\/web\/wp-json\/wp\/v2\/pages\/12\/revisions\/324"}],"wp:attachment":[{"href":"https:\/\/www.cartopap.com\/web\/wp-json\/wp\/v2\/media?parent=12"}],"curies":[{"name":"wp","href":"https:\/\/api.w.org\/{rel}","templated":true}]}}